{"id":32,"date":"2025-08-15T10:24:58","date_gmt":"2025-08-15T10:24:58","guid":{"rendered":"https:\/\/mentapsicologia.com\/?page_id=32"},"modified":"2026-03-05T13:43:57","modified_gmt":"2026-03-05T13:43:57","slug":"inicio","status":"publish","type":"page","link":"https:\/\/mentapsicologia.com\/","title":{"rendered":"Inicio"},"content":{"rendered":"\n<div class=\"wp-block-cover alignfull is-light hestia-clear-top-padding\"><span aria-hidden=\"true\" class=\"wp-block-cover__background has-white-background-color has-background-dim-100 has-background-dim\"><\/span><div class=\"wp-block-cover__inner-container is-layout-flow wp-block-cover-is-layout-flow\">\n<h2 class=\"wp-block-heading has-text-align-center has-text-color\" style=\"color:#3c4858\">Servicio seg\u00fan tu necesidad<\/h2>\n\n\n\n<div style=\"height:40px\" aria-hidden=\"true\" class=\"wp-block-spacer\"><\/div>\n\n\n\n<div class=\"wp-block-columns container is-layout-flex wp-container-core-columns-is-layout-28f84493 wp-block-columns-is-layout-flex\">\n<div class=\"wp-block-column is-layout-flow wp-block-column-is-layout-flow\"><div class=\"wp-block-image wp-duotone-grayscale\">\n<figure class=\"aligncenter size-large is-resized\"><img decoding=\"async\" src=\"https:\/\/mentapsicologia.com\/wp-content\/themes\/hestia\/assets\/img\/feat1.png\" alt=\"\" class=\"wp-image-70\" style=\"width:64px;height:auto\"\/><\/figure>\n<\/div>\n\n\n<h5 class=\"wp-block-heading has-text-align-center has-text-color\" style=\"color:#3c4858;font-size:18px\">Individual<\/h5>\n\n\n\n<p class=\"has-text-align-center has-text-color\" style=\"color:#999999;font-size:14px\">La terapia individual humanista proporciona apoyo profesional, fomenta autoconciencia y ayuda a superar dificultades emocionales, mejorando bienestar y calidad de vida.<\/p>\n\n\n\n<div style=\"height:25px\" aria-hidden=\"true\" class=\"wp-block-spacer\"><\/div>\n<\/div>\n\n\n\n<div class=\"wp-block-column is-layout-flow wp-block-column-is-layout-flow\"><div class=\"wp-block-image wp-duotone-purple-green\">\n<figure class=\"aligncenter size-large\"><img decoding=\"async\" src=\"https:\/\/mentapsicologia.com\/wp-content\/themes\/hestia\/assets\/img\/feat2.png\" alt=\"\" class=\"wp-image-71\"\/><\/figure>\n<\/div>\n\n\n<h5 class=\"wp-block-heading has-text-align-center has-text-color\" style=\"color:#3c4858;font-size:18px\">Pareja<\/h5>\n\n\n\n<p class=\"has-text-align-center has-text-color\" style=\"color:#999999;font-size:14px\">La terapia de pareja aborda dificultades relacionales, mejora la comunicaci\u00f3n y favorece din\u00e1micas m\u00e1s claras y saludables.<\/p>\n\n\n\n<div style=\"height:25px\" aria-hidden=\"true\" class=\"wp-block-spacer\"><\/div>\n<\/div>\n\n\n\n<div class=\"wp-block-column is-layout-flow wp-block-column-is-layout-flow\"><div class=\"wp-block-image wp-duotone-grayscale\">\n<figure class=\"aligncenter size-large\"><img decoding=\"async\" src=\"https:\/\/mentapsicologia.com\/wp-content\/themes\/hestia\/assets\/img\/feat3.png\" alt=\"\" class=\"wp-image-72\"\/><\/figure>\n<\/div>\n\n\n<h5 class=\"wp-block-heading has-text-align-center has-text-color\" style=\"color:#3c4858;font-size:18px\">Adolescente e Infantil<\/h5>\n\n\n\n<p class=\"has-text-align-center has-text-color\" style=\"color:#999999;font-size:14px\">La terapia infantil y adolescente humanista aborda emociones, conductas y conflictos propios de cada etapa, favoreciendo comunicaci\u00f3n y desarrollo saludable.<\/p>\n\n\n\n<div style=\"height:25px\" aria-hidden=\"true\" class=\"wp-block-spacer\"><\/div>\n<\/div>\n<\/div>\n\n\n\n<div style=\"height:41px\" aria-hidden=\"true\" class=\"wp-block-spacer\"><\/div>\n<\/div><\/div>\n\n\n\n<div class=\"wp-block-columns container is-layout-flex wp-container-core-columns-is-layout-28f84493 wp-block-columns-is-layout-flex\">\n<div class=\"wp-block-column col-md-5 is-layout-flow wp-block-column-is-layout-flow\">\n<div style=\"height:55px\" aria-hidden=\"true\" class=\"wp-block-spacer\"><\/div>\n\n\n\n<h2 class=\"wp-block-heading\">Quienes somos<\/h2>\n\n\n\n<p>En nuestro centro de psicolog\u00eda humanista contamos con un equipo de profesionales acreditados y especializados en salud mental. Ofrecemos atenci\u00f3n psicol\u00f3gica rigurosa y de calidad, siempre desde una perspectiva humanista que reconoce a cada persona como \u00fanica. Nuestro compromiso es acompa\u00f1arte con seriedad, experiencia y cercan\u00eda en tu proceso de mejora personal, garantizando un espacio seguro y confidencial.<\/p>\n<\/div>\n\n\n\n<div class=\"wp-block-column col-md-6 col-md-offset1 is-layout-flow wp-block-column-is-layout-flow\">\n<div style=\"height:55px\" aria-hidden=\"true\" class=\"wp-block-spacer\"><\/div>\n\n\n\n<figure class=\"wp-block-image size-full\"><img loading=\"lazy\" decoding=\"async\" width=\"2240\" height=\"1280\" src=\"https:\/\/mentapsicologia.com\/wp-content\/uploads\/2025\/09\/cropped-Logo_color-scaled-1.jpeg\" alt=\"\" class=\"wp-image-160\" srcset=\"https:\/\/mentapsicologia.com\/wp-content\/uploads\/2025\/09\/cropped-Logo_color-scaled-1.jpeg 2240w, https:\/\/mentapsicologia.com\/wp-content\/uploads\/2025\/09\/cropped-Logo_color-scaled-1-300x171.jpeg 300w, https:\/\/mentapsicologia.com\/wp-content\/uploads\/2025\/09\/cropped-Logo_color-scaled-1-1024x585.jpeg 1024w, https:\/\/mentapsicologia.com\/wp-content\/uploads\/2025\/09\/cropped-Logo_color-scaled-1-768x439.jpeg 768w, https:\/\/mentapsicologia.com\/wp-content\/uploads\/2025\/09\/cropped-Logo_color-scaled-1-1536x878.jpeg 1536w, https:\/\/mentapsicologia.com\/wp-content\/uploads\/2025\/09\/cropped-Logo_color-scaled-1-2048x1170.jpeg 2048w\" sizes=\"auto, (max-width: 2240px) 100vw, 2240px\" \/><\/figure>\n<\/div>\n<\/div>\n","protected":false},"excerpt":{"rendered":"<p>Quienes somos En nuestro centro de psicolog\u00eda humanista contamos con un equipo de profesionales acreditados y especializados en salud mental. Ofrecemos atenci\u00f3n psicol\u00f3gica rigurosa y de calidad, siempre desde una perspectiva humanista que reconoce a cada persona como \u00fanica. Nuestro compromiso es acompa\u00f1arte con seriedad, experiencia y cercan\u00eda en tu [&hellip;]<\/p>\n","protected":false},"author":1,"featured_media":0,"parent":0,"menu_order":0,"comment_status":"closed","ping_status":"closed","template":"","meta":{"_joinchat":[],"footnotes":""},"class_list":["post-32","page","type-page","status-publish","hentry"],"_links":{"self":[{"href":"https:\/\/mentapsicologia.com\/index.php?rest_route=\/wp\/v2\/pages\/32","targetHints":{"allow":["GET"]}}],"collection":[{"href":"https:\/\/mentapsicologia.com\/index.php?rest_route=\/wp\/v2\/pages"}],"about":[{"href":"https:\/\/mentapsicologia.com\/index.php?rest_route=\/wp\/v2\/types\/page"}],"author":[{"embeddable":true,"href":"https:\/\/mentapsicologia.com\/index.php?rest_route=\/wp\/v2\/users\/1"}],"replies":[{"embeddable":true,"href":"https:\/\/mentapsicologia.com\/index.php?rest_route=%2Fwp%2Fv2%2Fcomments&post=32"}],"version-history":[{"count":13,"href":"https:\/\/mentapsicologia.com\/index.php?rest_route=\/wp\/v2\/pages\/32\/revisions"}],"predecessor-version":[{"id":188,"href":"https:\/\/mentapsicologia.com\/index.php?rest_route=\/wp\/v2\/pages\/32\/revisions\/188"}],"wp:attachment":[{"href":"https:\/\/mentapsicologia.com\/index.php?rest_route=%2Fwp%2Fv2%2Fmedia&parent=32"}],"curies":[{"name":"wp","href":"https:\/\/api.w.org\/{rel}","templated":true}]}}